 + 36 = x + u*m. What is the highest common factor of 75 and x?
15
Let a(s) be the third derivative of -s**6/120 - 3*s**5/20 + 11*s**4/12 + 13*s**3/6 - 14*s**2. Let r be a(-11). What is the highest common factor of r and 351?
13
Suppose -5*b = -10*b. Suppose 6*x - 74 - 40 = b. Suppose 2*p = 5*i - 2*i - 627, 2*i - 4*p = 418. Calculate the highest common factor of i and x.
19
Let i be 72 - 3 - (-5 + 7 + 1). What is the highest common factor of 33 and i?
33
Let p(q) = 13*q**3 + 4*q**2 + 3. Let g be p(4). What is the highest common factor of g and 29?
29
Let r = 38 + -23. What is the greatest common divisor of r and 35?
5
Suppose -12 = 3*v - 9*v. Suppose 0*o - 48 = -5*o - 2*k, -4*k = v*o - 32. Let g be (6/o)/((-6)/(-72)). What is the highest common factor of g and 81?
9
Let s(x) = 4*x**2 + 4*x - 3. Suppose 0 = -2*f + 4*f - 4*z + 6, z = 2*f. Let w be s(f). What is the highest common divisor of 10 and w?
5
Let x(z) = z**3 + 5*z**2 - 15*z - 4. Let s be x(-7). Suppose b = -s*b - m + 95, -m - 25 = -b. What is the highest common factor of 16 and b?
8
Let t be (1*4)/(6/12). Suppose -t = -5*p + 17. Suppose a - 2*y + 4*y = 12, -y = -a + 24. What is the highest common divisor of a and p?
5
Let j = 2 - 4. Let x(z) = z**3 + 2*z**2 + z + 4. Let g be x(j). Suppose g*i = 3 + 15. Calculate the greatest common factor of 72 and i.
9
Suppose 0 = m + 4*m - 55. Let k(v) = v - 10. Let x be k(12). Suppose -x*g = 3*r - 24 - 13, 0 = r + 5*g - 21. Calculate the greatest common factor of r and m.
11
Suppose 34 = 5*y + 34. Suppose -3*k - 4*q + 274 = y, -5*q + 141 = 4*k - 224. What is the greatest common factor of 10 and k?
10
Let l = 5 + 1. Let z be (-20)/(-50) + 366/(-15). Let g be (-2 + l)*(-36)/z. What is the highest common factor of 6 and g?
6
Suppose -5*g = -4*g. Suppose j + g*j - 28 = -2*i, 0 = 2*j - i - 56. Let p be (j/10)/(2/5). Calculate the highest common divisor of p and 56.
7
Let j(i) = 25*i - 1. Let q be j(1). Suppose -75*f - 3*g = -71*f - 36, 5*f + 3*g - 39 = 0. What is the highest common divisor of f and q?
3
Suppose 19*q + 5 = 20*q, 19 = u - q. Calculate the greatest common divisor of u and 64.
8
Suppose 411*h = 428*h - 306. Suppose -17 = i - 107. Calculate the greatest common divisor of h and i.
18
Let f(v) = -10*v**3 - 7*v**2 - 2*v - 3. Let t be f(-2). What is the greatest common factor of 1 and t?
1
Let s = 160 - 277. Let i = 151 + s. What is the highest common divisor of 306 and i?
34
Suppose 5*s + 2*s = 238. What is the highest common divisor of s and 136?
34
Suppose -8*r = -3*r - 175. Suppose -n + 98 - r = 0. Let m(b) = -6*b - 3. Let l be m(-2). What is the greatest common divisor of n and l?
9
Let n(z) = -2*z + 24. Let d be n(7). Calculate the highest common factor of d and 310.
10
Suppose -6*c = -c - 135. Suppose 2*j = 5*j - c. Suppose -2*i - 58 = -184. Calculate the greatest common factor of j and i.
9
Let w(n) = -n**3 - 7*n**2 + n + 10. Let f be w(-7). Calculate the greatest common factor of 4 and f.
1
Let u(j) = j**3 + 13*j**2 - 14*j + 4. Let y(m) = -5*m - 14. Let v be y(0). Let o be u(v). What is the highest common factor of 4 and o?
4
Let q = 4 + -4. Suppose -2*b + q*b + 2*h = -112, 4*h = -4*b + 240. Let a = -30 + b. What is the greatest common divisor of a and 28?
28
Suppose 4*s + 4320 = 8*s. What is the highest common divisor of 108 and s?
108
Suppose -92 + 48 = -4*y. What is the highest common divisor of y and 308?
11
Let t(f) = 21*f + 376. Let b be t(-16). Calculate the greatest common divisor of b and 8.
8
Let k = 605 + -562. Calculate the greatest common divisor of k and 43.
43
Let i(g) = 35*g**2 + 118*g - 4. Let v be i(-4). Let y be (-1 + 3)*(61 + 2). What is the greatest common factor of v and y?
42
Let s = -6 + 12. Let i(t) = t**2 + 2*t - 1. Let v be i(-3). Suppose -v*w + 336 = 6*w. What is the highest common factor of s and w?
6
Let w(c) = 5*c - 43. Let j be w(11). Suppose 0*x - 2*y = -5*x, 0 = -4*x + 5*y. Let u be 6/(x + (-2)/(-32)). What is the greatest common factor of u and j?
12
Let a = 612 + -465. Calculate the highest common divisor of 49 and a.
49
Suppose 3*c - c = 28. Suppose 2*t + 4 = c. Suppose 0 = -4*g + 27 + 193. Calculate the greatest common divisor of g and t.
5
Let t(p) = -85 + 209 - 84 - p + 0*p. Let c be t(22). Calculate the greatest common divisor of c and 198.
18
Suppose 462 = -23*i + 30*i. What is the greatest common factor of 231 and i?
33
Let a(b) = 6*b**2 - 3*b + 1. Let n be a(-3). Let r = n + -93. Let v = r + 56. Calculate the highest common factor of 3 and v.
3
Let p(z) = 2*z**2 - 2*z + 3. Let j be p(0). Suppose 3*f - j*t = 75, -4*f - t + 95 = f. What is the greatest common factor of 320 and f?
20
Let l(n) = 72*n**2 - 3*n - 1. Let f be l(-2). Let q = 289 - 284. Suppose q*a = f - 63. Calculate the greatest common factor of a and 115.
23
Suppose 0*l - 4*l + 12 = 0. Suppose -36 - 24 = -l*d. Let a be 2/(-2)*(-78 + -2). What is the greatest common factor of a and d?
20
Let o(y) = -19*y - 688. Let j be o(-37). Calculate the greatest common factor of j and 915.
15
Let w = 550 - 318. Calculate the highest common factor of 64 and w.
8
Let m be 0 + 4 + (-1 - -1). Let g be (-2235)/(-9) + (-34)/(-51). Suppose 0*z - 3 = -z, 3*z - g = -m*n. Calculate the greatest common divisor of n and 15.
15
Let s be (15 + -11)*(-107)/(-2). Let f be (-3 - (-44)/20) + s/5. Calculate the highest common factor of 105 and f.
21
Let t = 181 + -141. Suppose 5*x - 4*i = 1016, x - 3*i = 2*x - 188. Calculate the greatest common factor of x and t.
40
Suppose -2*y = p - 9, 8*p - 9*p = y - 4. Let u(h) = 10*h - 40. Let n be u(y). What is the highest common divisor of 6 and n?
2
Let g = 19 - 14. Suppose 3*k = -4*j + 46, j = g*k - 10*k + 88. Calculate the highest common divisor of k and 6.
6
Suppose -4*c + 3*v + 20 = -12, 5*c + v - 59 = 0. Suppose -f + 2*m + 210 = 43, -1 = m. Calculate the highest common divisor of c and f.
11
Let m = 65 + -29. Let h = m - 27. What is the highest common factor of h and 63?
9
Suppose 0 = -2*p - 3*a + 159, -2*a - 266 = -5*p + 141. Let h = -26 + 35. Calculate the highest common divisor of h and p.
9
Let z(c) = c**2 + c + 126. Let y be z(0). Let t be (80/(-14))/((-36)/y). What is the highest common divisor of t and 10?
10
Suppose 682 = 4*s + 3*z, -s + 163 = -2*z - z. Calculate the greatest common divisor of 13 and s.
13
Let q be 54 + (1 - (-30)/(-6)). What is the highest common factor of q and 175?
25
Suppose 2*j + 3 = 5*j. Let w = 3 - j. Suppose 3*l - w*p + 4*p - 50 = 0, 2*p = 4*l - 48. What is the greatest common divisor of l and 154?
14
Suppose 16*g = -3*g + 12673. Calculate the greatest common divisor of 29 and g.
29
Suppose 2*b = 4 - 0. Suppose -42 = -143*f + 129*f. What is the highest common factor of b and f?
1
Let c = 10 - 8. Let o(g) = -c*g**2 - 24*g**3 - 38 - 2*g + 37 + g**2. Let v be o(-1). What is the highest common divisor of v and 6?
6
Let g(d) = -2*d**2 + 40*d - 16. Let m be g(19). What is the greatest common factor of 231 and m?
11
Let h = 405 - 48. Calculate the highest common divisor of 51 and h.
51
Let g = -1599 - -1621. What is the greatest common divisor of 3036 and g?
22
Let g be 18/(-15)*(-35)/(-2). Let s be g/7*(-1 - -1 - 17). What is the greatest common divisor of 68 and s?
17
Let d(m) = -m + 9. Let w be d(4). Let a = 3 + 1. Suppose -u = -2*z, a*z - u = 2 + 2. What is the greatest common factor of w and z?
1
Suppose u - 3*a = 52, -3*u + 14 = a - 122. What is the highest common divisor of 46 and u?
46
Let u(i) = 3*i**3 + 3*i**2 - 7*i + 4. Let k(t) = t**3 - t**2 + 1. Let p(r) = -4*k(r) + u(r). Let y be p(5). What is the greatest common factor of y and 10?
5
Let z(a) = 2*a**2 + 4*a + 38. Let m be z(-31). Calculate the highest common divisor of m and 68.
68
Let k(y) = y**2 - 5*y - 12. Let n be k(7). Suppose -4*l = n*l - 48. Calculate the highest common factor of l and 16.
8
Let d(i) = i + 5. Let o be d(3). Let n(a) = -a**2 + 8*a + 16. Let j be n(o). Calculate the greatest common divisor of 4 and j.
4
Let c be -2 + 9*8/12*1. Suppose 5*q = -5*d + 665, -c*q = 2*d + d - 402. What is the greatest common divisor of 13 and d?
13
Suppose -3*h - 8 = 13. Let w = h - -34. Let u = 786 - 678. Calculate the greatest common factor of w and u.
27
Suppose 16*j + 1872 = 52*j. What is the highest common factor of 16 a